is the hundreds digit of 200597?
5
What is the ten thousands digit of 5799561?
9
What is the hundreds digit of 4265001?
0
What is the thousands digit of 12742751?
2
What is the millions digit of 24057914?
4
What is the units digit of 327007?
7
What is the hundred thousands digit of 4743910?
7
What is the thousands digit of 203214?
3
What is the hundreds digit of 155016?
0
What is the ten thousands digit of 1785184?
8
What is the millions digit of 1489253?
1
What is the units digit of 5851313?
3
What is the hundreds digit of 1189434?
4
What is the thousands digit of 935050?
5
What is the units digit of 19361605?
5
What is the thousands digit of 2046124?
6
What is the tens digit of 928152?
5
What is the hundreds digit of 403856?
8
What is the hundreds digit of 4509460?
4
What is the ten thousands digit of 127750?
2
What is the thousands digit of 1479922?
9
What is the millions digit of 1139460?
1
What is the ten millions digit of 29757489?
2
What is the thousands digit of 14211486?
1
What is the tens digit of 14883861?
6
What is the tens digit of 1877783?
8
What is the ten thousands digit of 1197556?
9
What is the tens digit of 4487042?
4
What is the tens digit of 1487817?
1
What is the hundreds digit of 1586531?
5
What is the tens digit of 57851?
5
What is the hundreds digit of 17145?
1
What is the ten thousands digit of 651605?
5
What is the units digit of 640254?
4
What is the tens digit of 37635?
3
What is the hundreds digit of 51170?
1
What is the ten thousands digit of 3704177?
0
What is the hundred thousands digit of 868518?
8
What is the hundreds digit of 65545?
5
What is the tens digit of 247888?
8
What is the ten thousands digit of 16584880?
8
What is the hundred thousands digit of 200255?
2
What is the tens digit of 601941?
4
What is the ten thousands digit of 13794873?
9
What is the ten thousands digit of 140591?
4
What is the tens digit of 1974802?
0
What is the hundred thousands digit of 17858886?
8
What is the ten thousands digit of 3390779?
9
What is the hundreds digit of 2871117?
1
What is the units digit of 33200436?
6
What is the units digit of 312297?
7
What is the tens digit of 68225?
2
What is the hundred thousands digit of 1919301?
9
What is the hundred thousands digit of 13860248?
8
What is the thousands digit of 330536?
0
What is the hundreds digit of 1319162?
1
What is the thousands digit of 27088?
7
What is the hundred thousands digit of 4947604?
9
What is the ten millions digit of 12023428?
1
What is the tens digit of 3383716?
1
What is the units digit of 594957?
7
What is the tens digit of 14710293?
9
What is the hundred thousands digit of 2299470?
2
What is the ten thousands digit of 70274?
7
What is the hundreds digit of 432705?
7
What is the units digit of 79634?
4
What is the tens digit of 1356917?
1
What is the hundreds digit of 492910?
9
What is the thousands digit of 13993088?
3
What is the tens digit of 667888?
8
What is the hundred thousands digit of 724077?
7
What is the tens digit of 123502?
0
What is the units digit of 244286?
6
What is the millions digit of 5555217?
5
What is the hundreds digit of 9875272?
2
What is the hundred thousands digit of 2781044?
7
What is the thousands digit of 56901?
6
What is the thousands digit of 319786?
9
What is the thousands digit of 600220?
0
What is the tens digit of 18490692?
9
What is the units digit of 57667?
7
What is the ten thousands digit of 1835580?
3
What is the hundred thousands digit of 190659?
1
What is the ten thousands digit of 337660?
3
What is the tens digit of 10488599?
9
What is the hundreds digit of 575895?
8
What is the ten thousands digit of 6307921?
0
What is the hundred thousands digit of 106396?
1
What is the hundred thousands digit of 2969442?
9
What is the ten millions digit of 10640045?
1
What is the hundred thousands digit of 1070152?
0
What is the thousands digit of 360642?
0
What is the tens digit of 1957878?
7
What is the hundreds digit of 310547?
5
What is the hundreds digit of 14224843?
8
What is the hundred thousands digit of 2353599?
3
What is the hundreds digit of 85901?
9
What is the units digit of 30273?
3
What is the hundreds digit of 1232184?
1
What is the tens digit of 2610?
1
What is the hundred thousands digit of 937459?
9
What is the hundred thousands digit of 1463038?
4
What is the tens digit of 74467?
6
What is the hundred thousands digit of 1407428?
4
What is the hundreds digit of 848111?
1
What is the hundreds digit of 789042?
0
What is the hundreds digit of 667291?
2
What is the thousands digit of 239735?
9
What is the ten thousands digit of 629579?
2
What is the hundreds digit of 51279?
2
What is the hundreds digit of 191854?
8
What is the tens digit of 157778?
7
What is the hundred thousands digit of 25492165?
4
What is the ten thousands digit of 2605166?
0
What is the tens digit of 894425?
2
What is the ten thousands digit of 1533089?
3
What is the millions digit of 1257765?
1
What is the ten thousands digit of 3836715?
3
What is the tens digit of 7280447?
4
What is the ten thousands digit of 2898258?
9
What is the hundred thousands digit of 1247105?
2
What is the units digit of 468303?
3
What is the units digit of 13215961?
1
What is the ten thousands digit of 5780404?
8
What is the hundreds digit of 141870?
8
What is the millions digit of 1132932?
1
What is the hundreds digit of 741929?
9
What is the tens digit of 86623?
2
What is the ten thousands digit of 385286?
8
What is the hundreds digit of 1310273?
2
What is the hundreds digit of 196342?
3
What is the hundreds digit of 634668?
6
What is the tens digit of 9898668?
6
What is the hundreds digit of 1042429?
4
What is the hundreds digit of 3704457?
4
What is the units digit of 231763?
3
What is the hundred thousands digit of 308882?
3
What is the units digit of 92428?
8
What is the ten thousands digit of 31919236?
1
What is the tens digit of 15737070?
7
What is the hundred thousands digit of 2514415?
5
What is the millions digit of 3074606?
3
What is the units digit of 34020555?
5
What is the tens digit of 18227?
2
What is the units digit of 32155?
5
What is the hundreds digit of 1884830?
8
What is the millions digit of 3612694?
3
What is the hundred thousands digit of 10698694?
6
What is the thousands digit of 7925889?
5
What is the tens digit of 442685?
8
What is the units digit of 1556993?
3
What is the millions digit of 4258027?
4
What is the ten thousands digit of 11133482?
3
What is the ten thousands digit of 185091?
8
What is the units digit of 5317123?
3
What is the ten thousands digit of 2271527?
7
What is the thousands digit of 98846?
8
What is the ten thousands digit of 123178?
2
What is the units digit of 1029812?
2
What is the tens digit of 4601191?
9
What is the hundreds digit of 484372?
3
What is the thousands digit of 4884988?
4
What is the ten thousands digit of 695972?
9
What is the ten thousands digit of 660103?
6
What is the hundreds digit of 974785?
7
What is the units digit of 216236?
6
What is the tens digit of 3271228?
2
What is the units digit of 103323?
3
What is the hundreds digit of 19619161?
1
What is the units digit of 11304135?
5
What is the ten thousands digit of 1471085?
7
What is the ten thousands digit of 10860994?
6
What is the units digit of 306041?
1
What is the units digit of 2194109?
9
What is the ten thousands digit of 24434?
2
What is the tens digit of 113129?
2
What is the hundred thousands digit of 17891582?
8
What is the thousands digit of 31611348?
1
What is the ten thousands digit of 4042888?
4
What is the tens digit of 1357289?
8
What is the millions digit of 5070993?
5
What is the hundred thousands digit of 5629242?
6
What is the thousands digit of 33252569?
2
What is the tens digit of 3457382?
8
What is the units digit of 324803?
3
What is the ten thousands digit of 1128017?
2
What is the hundreds digit of 335997?
9
What is the ten thousands digit of 385031?
8
What is the millions digit of 1306483?
1
What is the thousands digit of 501521?
1
What is the ten thousands digit of 241722?
4
What is the thousands digit of 708124?
8
What is the hundred thousands digit of 9619833?
6
What is the millions digit of 4334113?
4
What is the hundred thousands digit of 912029?
9
What is the hundred thousands digit of 17300481?